e -h = 2*z + h - 16, -5*h - 8 = -z. Suppose -256 = -2*o - 2*o. Suppose o = 4*g - z*v + 4*v, -2*g = -3*v - 37. What is the units digit of g?
1
Let j = 1442 - 834. What is the hundreds digit of j?
6
Suppose -3*r - 3*n - 1894 = -4*r, 5 = n. What is the hundreds digit of r?
9
Let a = 20 + -18. Suppose 0 = 3*f + q, -3*f - a*f - 4*q = 0. Suppose -4*r + b + 35 + 7 = f, -5*b - 30 = -2*r. What is the units digit of r?
0
What is the hundreds digit of 168*-4*((-1)/(-3) - 1)?
4
Suppose 0 = 9*s + 2371 + 1238. Let r = -231 - s. What is the hundreds digit of r?
1
Let i(d) = -d**3 + 14*d**2 - 7*d. Let q be i(10). Suppose q = -2*r + 7*r. What is the units digit of r?
6
Let w = 32 - 101. Let j = 214 + w. What is the units digit of j?
5
Suppose 5*h + 5*s - 125 = 0, -s = -4*s + 9. Suppose 68 = 5*w - h. Let o = w + 5. What is the tens digit of o?
2
Suppose i - 4*i + 303 = 0. Let s = -124 - -195. Let z = i - s. What is the units digit of z?
0
Let c(g) be the second derivative of -g**3/6 + 6*g**2 + 8*g. Let x be c(7). Suppose x*k - 6*k + 6 = 0. What is the units digit of k?
6
Let y(c) = c**2 + 6*c - 20. Let l be y(-9). Let p be 6/(-2) - (4 - l). Suppose p = -5*s + 5, -s + 75 = 2*g - 0*s. What is the tens digit of g?
3
Suppose 0 = 5*d - 18 - 7, z - 5*d + 23 = 0. Let p be 160/24 - 4/6. Suppose -104 = z*x - p*x. What is the units digit of x?
6
Suppose -z + 45 = -86. Suppose 13*b = 259 + z. What is the units digit of b?
0
Let v(n) = n**3 + n**2 + n + 30. Let k(o) = o**2 + 12*o - 9. Let u be k(-13). Suppose 0*g + 2 = -3*g - a, 0 = u*g - a - 2. What is the tens digit of v(g)?
3
Suppose 4*x = 50 + 66. Let l = x + -21. Suppose -3*b = -m - 10, -2*m + l = -b + 2*b. What is the units digit of m?
2
Suppose 244 = 4*p - 2*d, -183 = -0*p - 3*p + 2*d. Suppose -p + 19 = -2*v. Suppose -90 = -3*x + v. What is the units digit of x?
7
Let l(d) be the third derivative of -d**6/120 - d**5/6 - d**4/6 + 5*d**3/6 + 2*d**2. Let h be ((-90)/(-27))/((-10)/(-6) - 2). What is the tens digit of l(h)?
4
Let m(p) = -3 + p + 3 + 8*p**2 + 6*p - 1. What is the tens digit of m(-3)?
5
Let b = -930 + 962. What is the units digit of b?
2
Let h(o) = o**2 - 13*o - 6. Let d be h(17). Let i = d - 24. What is the tens digit of i?
3
Suppose -31*b + 5*b = -32396. What is the thousands digit of b?
1
Let g = -42 - -44. Let f be ((-1)/(-4))/(1/28). Suppose -f - 17 = -g*k. What is the units digit of k?
2
What is the tens digit of 35666/16 + (-13 - 618/(-48))?
2
Suppose 5*u = 2579 + 486. What is the units digit of u?
3
Let x(g) = g**3 - 8*g**2 + 9*g - 13. Suppose 2*s = s + 35. Suppose -s = m - 6*m. What is the units digit of x(m)?
1
Let l(f) = -15*f + 113. What is the units digit of l(-27)?
8
Let d(k) = k**3 + 11*k**2 - 10*k - 16. Let c be d(-11). Let n = -2 + 4. Suppose 0 = -n*p - x - 4*x + c, -3*p + 3*x = -99. What is the tens digit of p?
3
Suppose 0*s + 2*b + 12 = 4*s, -s + 17 = -4*b. What is the units digit of 6/(12/2) + (146 - s)?
6
Suppose -3*t + 4*z = -16, -t + 2*z = -6 - 2. Suppose 2*m - 90 = -b + 5*b, 3*b - 3 = t. What is the tens digit of m?
4
Let n be 6 + (0 - (1 - -2)). Suppose -n*j = 233 - 917. Suppose -6*a = -j + 24. What is the tens digit of a?
3
Let h(i) = 10*i - 16. Suppose -10 = -4*j + 6, -5*k - 6 = -4*j. Let s(g) = g**3 - 2*g**2 + 3*g + 1. Let t be s(k). What is the tens digit of h(t)?
5
Suppose 7*i = -2*s + 4*i, -4*i = 0. Suppose -5*n + 25 = 0, s*r - 2*r = -4*n - 454. What is the units digit of r?
7
Let p(t) = -121*t**3 + 7*t**2 + 3*t - 14. What is the hundreds digit of p(-3)?
3
Suppose 4*y + 1371 = 459. Let k = 329 + y. What is the hundreds digit of k?
1
Suppose y = 192 - 4. Suppose -4*f - y = 76. What is the tens digit of (-339)/(-11) - 12/f?
3
Suppose -z = -j + 6*j + 167, -3*z + 179 = -5*j. Let x = -7 + -7. Let k = x - j. What is the tens digit of k?
2
Let n(k) = -k**3 + 10*k**2 - 2*k + 9. Let a be n(10). Let f be (2 + -3)*a + -1. Suppose 0 = 5*r - 4*v - 31, -2*r + 3*v + f = 2*v. What is the units digit of r?
3
Let k(i) = -8*i**3 + 4*i**2 - 7. What is the units digit of k(-5)?
3
Suppose 3*v - 93 = 267. Let q = v + -116. What is the units digit of q?
4
Suppose -k + 793 = -2*i + 150, 4*i = -5*k + 3257. What is the hundreds digit of k?
6
Let q(v) = 22*v**2 + 7*v + 15. What is the tens digit of q(-2)?
8
Suppose b = 13*b - 4608. What is the tens digit of b?
8
Suppose 12*r = 7*r + 10. Suppose 5*h + 3*x - 38 = -0*h, -r*h = 3*x - 17. Let k = h + -5. What is the units digit of k?
2
Suppose 5400 = 32*n + 13*n. What is the hundreds digit of n?
1
Let s(n) = 33*n + 72. Let p(w) = -99*w - 215. Let g(o) = -3*p(o) - 8*s(o). What is the hundreds digit of g(5)?
2
Let k(c) = -18*c**2 - 15*c**2 + 36*c**2 - 1 - 13 + 8*c. What is the units digit of k(-9)?
7
Suppose -244 = 151*j - 153*j. What is the tens digit of j?
2
Suppose 0 = -3*l - 2*c + 110, -l = -2*c - 38 - 12. Suppose -33*g - 1295 = -l*g. What is the units digit of g?
5
Let u(d) = -4*d**3 - d**2 + 3*d - 4. Let t be u(2). Suppose 0 = 4*w + 5*h - 253, 4*w = 2*w - 4*h + 128. Let f = t + w. What is the units digit of f?
8
Let t = -40 + 44. Suppose t*x - 512 + 144 = 0. What is the units digit of x?
2
Let p(f) = f**3 - 8*f**2 - 9*f + 2. Let c(l) = 11*l**3 - l**2 - 2*l + 1. Let r be c(1). Let t be p(r). Suppose t*w = 4*w - 18. What is the units digit of w?
9
Let s(r) = r**3 + 2*r**2 - 3*r + 3. Let g be s(-3). Suppose g*x = -0*x + 33. Suppose d = -0*d + x. What is the tens digit of d?
1
Let u(s) = -3*s**3 + 18*s**2 + 5*s - 13. What is the thousands digit of u(-9)?
3
Let l be (-4648)/(-10) - (238/35 + -7). Let f = l + -218. What is the units digit of f?
7
Let p(k) = k**3 - 9*k**2 - 10*k + 5. Let l be p(10). Suppose 4*t + 1 = 3*j + l, 0 = -4*t - 2*j + 4. Suppose 1 + t = 2*r. What is the units digit of r?
1
Suppose -3*c + 0*c = -6, 3*c = 4*m - 106. Suppose m = 6*y + 4. What is the tens digit of (y - -41) + 0 + -4?
4
Let r = 3657 - 948. What is the units digit of r?
9
Suppose q + 6 = -4*t, 35 = -5*q + q - 5*t. Let v = q + 7. Let a = v + 16. What is the tens digit of a?
1
What is the tens digit of 1 + (-7696 + 1)/(-9)?
5
Suppose -u - 3*m = -8, -u = 5*m - 13 + 1. Suppose b - 6*q = -2*q - 12, u*q = 8. Suppose 4*w = b*f - 36, -2*f + 4*f + 2*w - 38 = 0. What is the tens digit of f?
1
Suppose 2*t + 8 = -2*t - 4*c, 5*c = -4*t - 10. Suppose 5*x - 15 = -t. What is the units digit of x?
3
Let g = 605 - 17. What is the hundreds digit of g?
5
Let x(o) = -2*o**3 - 19*o**2 - o + 11. What is the tens digit of x(-15)?
0
Suppose 6*w = 730 + 26. Suppose -153 = -4*y - j, -3*y - 2*j = -5*j - w. What is the tens digit of y?
3
Let a be (-37)/(-1) + 5 + -4. Suppose 3*m - a = 82. What is the units digit of m?
0
Suppose -d + 73 = 4*l, -5*l - d + 75 = -16. Let r(f) = 5*f**2 - 2. Let j be r(-3). Let n = j - l. What is the units digit of n?
5
Suppose 0*q = -2*q + 6. Suppose -q*m - 9 - 3 = 0, 3*m = 4*t - 336. What is the tens digit of t?
8
Let q(s) = s**2 - 20*s + 21. What is the tens digit of q(-12)?
0
Let k(c) be the first derivative of -c**4/12 + 5*c**3/6 + 5*c**2/2 - 7. Let o(t) be the second derivative of k(t). What is the units digit of o(-5)?
5
Suppose 3*i + 3*n + 18 = 0, 2*n - 7 = 4*i - 1. Let l be (i/(-6))/(5/40). Suppose l*a = 22 + 94. What is the tens digit of a?
2
Let l(g) = g**3 - 8*g**2 + 9*g - 10. Let f be l(6). Let s = 82 + f. What is the tens digit of s?
5
What is the hundreds digit of 1291 - (2 - -2*(-6 - -5))?
2
Suppose -87 = z - 4*z. Let b be 3/3 - (-2)/((-2)/(-19)). Let v = z - b. What is the units digit of v?
9
Let d = 1035 + -63. What is the hundreds digit of d?
9
Let y(g) = -2*g**3 - 2*g**2 + g - 1. Let z be y(-2). Suppose z*s - 2*s = 39. Let k = 23 - s. What is the tens digit of k?
1
Suppose -3*d = 4*j + d - 44, -3*j - 5*d = -31. What is the units digit of 310*((-3)/5)/((-18)/j)?
4
Let j = 5 - 3. Suppose 3*n + 9 = 3*y, j = -2*n - 0. Suppose -66 = -y*o - 0*o. What is the tens digit of o?
3
What is the thousands digit of -5*-579*(0 + (-6)/(-10))?
1
Let d be (-207)/6*(-6)/(-2 - -1). Let t = -110 - d. What is the tens digit of t?
9
Let w(j) = -j**2 + 18*j - 23. Let i be -3*((-15)/9 + -1). What is the units digit of w(i)?
7
Suppose 2*d + 71 = 5*c, 4*d + 97 = -8*c + 3*c. Let g = 63 + d. What is the units digit of g?
5
Suppose w - 9 = 23. Suppose -w = -2*a + 2*k, -k - 2*k = 0. 